1
What are the prime factors of 1061170665?
3, 5, 23, 3075857
What are the prime factors of 168966864?
2, 3, 11, 31, 37
What are the prime factors of 93333282?
2, 3, 7, 19, 116959
What are the prime factors of 452211301?
2003, 225767
What are the prime factors of 1023335766?
2, 3, 53, 59, 18181
What are the prime factors of 229925787?
3, 7, 13, 79, 1523
List the prime factors of 3490673879.
7, 11, 47, 109, 8849
What are the prime factors of 8202557?
11, 113, 6599
What are the prime factors of 546291740?
2, 5, 27314587
What are the prime factors of 51562136?
2, 23, 280229
What are the prime factors of 2139269109?
3, 19, 103, 364379
List the prime factors of 753335404.
2, 43, 67, 65371
What are the prime factors of 58847527?
947, 62141
List the prime factors of 49324024.
2, 241, 25583
What are the prime factors of 21356410?
2, 5, 2135641
What are the prime factors of 2334016617?
3, 839, 927301
What are the prime factors of 68383133?
7, 13, 751463
List the prime factors of 3653417983.
19, 31, 6202747
List the prime factors of 2891623516.
2, 4513, 160183
What are the prime factors of 3434752966?
2, 643, 2670881
List the prime factors of 388495390.
2, 5, 17, 2285267
What are the prime factors of 26847770?
2, 5, 2684777
What are the prime factors of 118238345?
5, 521, 45389
List the prime factors of 1110009888.
2, 3, 13, 296477
What are the prime factors of 56704498?
2, 37, 766277
List the prime factors of 718482548.
2, 7, 25660091
List the prime factors of 1085750409.
3, 233, 1553291
What are the prime factors of 218293995?
3, 5, 173, 84121
List the prime factors of 66601580.
2, 5, 17, 195887
What are the prime factors of 42817780?
2, 5, 607, 3527
What are the prime factors of 882675198?
2, 3, 3323, 4919
List the prime factors of 31166661.
3, 17, 611111
What are the prime factors of 1318960972?
2, 7, 47105749
What are the prime factors of 28694258?
2, 14347129
What are the prime factors of 3298484840?
2, 5, 7, 17, 347, 1997
What are the prime factors of 43022524?
2, 1987, 5413
What are the prime factors of 1464835232?
2, 7, 6539443
What are the prime factors of 64635207?
3, 7, 13, 17, 19, 733
List the prime factors of 561738156.
2, 3, 7, 955337
What are the prime factors of 15125817?
3, 7, 89, 8093
What are the prime factors of 781455065?
5, 17, 1567, 5867
What are the prime factors of 186297758?
2, 43, 257, 8429
List the prime factors of 482855631.
3, 160951877
List the prime factors of 672756715.
5, 43, 67, 46703
What are the prime factors of 11724538?
2, 7, 837467
What are the prime factors of 114419115?
3, 5, 847549
What are the prime factors of 3200144515?
5, 17, 37648759
What are the prime factors of 697066067?
89, 7832203
List the prime factors of 395242211.
7, 13, 4343321
What are the prime factors of 45420389?
7, 6488627
List the prime factors of 382876486.
2, 19, 10075697
List the prime factors of 176129695.
5, 7, 191, 26347
What are the prime factors of 1805965188?
2, 3, 150497099
List the prime factors of 179614168.
2, 29, 774199
What are the prime factors of 52569854?
2, 2251, 11677
List the prime factors of 37284646.
2, 7, 2663189
List the prime factors of 8013986.
2, 4006993
List the prime factors of 93025246.
2, 46512623
What are the prime factors of 63509018?
2, 31, 1024339
List the prime factors of 103519935.
3, 5, 2300443
What are the prime factors of 2137716?
2, 3, 7, 17, 499
What are the prime factors of 41498714?
2, 2293, 9049
What are the prime factors of 92888884?
2, 11, 17, 124183
List the prime factors of 3986976448.
2, 7, 13, 41, 59, 283
List the prime factors of 37813164.
2, 3, 3151097
What are the prime factors of 2239871?
41, 54631
What are the prime factors of 194844155?
5, 11, 23, 154027
List the prime factors of 69382552.
2, 8672819
What are the prime factors of 172844771?
11, 1559, 10079
List the prime factors of 2980727608.
2, 372590951
What are the prime factors of 37377514?
2, 3631, 5147
List the prime factors of 28724712.
2, 3, 1196863
What are the prime factors of 5088624028?
2, 7307, 174101
What are the prime factors of 181723825?
5, 7268953
What are the prime factors of 46048440?
2, 3, 5, 137, 2801
List the prime factors of 1687675310.
2, 5, 257, 656683
What are the prime factors of 54053502?
2, 3, 977, 9221
List the prime factors of 950079198.
2, 3, 158346533
List the prime factors of 173679157.
17, 41, 249181
List the prime factors of 139693044.
2, 3, 11641087
What are the prime factors of 703574434?
2, 107, 929, 3539
List the prime factors of 33663947.
97, 347051
What are the prime factors of 27675831?
3, 23, 29, 13831
List the prime factors of 259981422.
2, 3, 193, 347, 647
What are the prime factors of 56796012?
2, 3, 7, 13, 5779
What are the prime factors of 3879225725?
5, 19, 277, 29483
What are the prime factors of 1568081965?
5, 1423, 220391
What are the prime factors of 826880763?
3, 31, 8891191
List the prime factors of 3300718530.
2, 3, 5, 41, 2683511
What are the prime factors of 43653456?
2, 3, 7, 11, 31, 127
List the prime factors of 1119982494.
2, 3, 29, 167, 38543
What are the prime factors of 4223333591?
409, 2549, 4051
What are the prime factors of 19257316?
2, 13, 37, 10009
What are the prime factors of 309102203?
19, 16268537
List the prime factors of 68015464.
2, 11, 772903
List the prime factors of 41242657.
23, 109, 16451
List the prime factors of 535062727.
535062727
List the prime factors of 67619276.
2, 37, 47, 9721
List the prime factors of 550295198.
2, 31, 79, 283, 397
What are the prime factors of 4936961?
4936961
What are the prime factors of 464545346?
2, 149, 1558877
What are the prime factors of 4537852624?
2, 241, 449, 2621
List the prime factors of 273297417.
3, 91099139
List the prime factors of 759356692.
2, 189839173
List the prime factors of 53318457.
3, 887, 6679
What are the prime factors of 878246653?
47, 67, 151, 1847
What are the prime factors of 77808112?
2, 4863007
What are the prime factors of 204471964?
2, 51117991
List the prime factors of 209758195.
5, 19, 2207981
What are the prime factors of 4120422634?
2, 17, 7043, 17207
What are the prime factors of 631369169?
631369169
List the prime factors of 597004830.
2, 3, 5, 245681
What are the prime factors of 5540041?
13, 31, 59, 233
What are the prime factors of 390576945?
3, 5, 11, 89, 26597
What are the prime factors of 646803691?
646803691
What are the prime factors of 11670271?
233, 50087
List the prime factors of 1412652347.
137, 251, 41081
What are the prime factors of 1556956973?
11, 13, 211, 4691
What are the prime factors of 216346292?
2, 521, 103813
List the prime factors of 159968644.
2, 11, 3635651
List the prime factors of 1538470497.
3, 181, 2833279
What are the prime factors of 825129636?
2, 3, 68760803
List the prime factors of 455024737.
17, 643, 41627
What are the prime factors of 2093177500?
2, 5, 837271
List the prime factors of 371553076.
2, 92888269
What are the prime factors of 44884386?
2, 3, 17, 146681
List the prime factors of 468722092.
2, 117180523
What are the prime factors of 59177787?
3, 2909, 6781
What are the prime factors of 1052023369?
19, 55369651
What are the prime factors of 31142172?
2, 3, 29, 109, 821
List the prime factors of 3964764890.
2, 5, 1637, 242197
List the prime factors of 162714800.
2, 5, 157, 2591
What are the prime factors of 37529435?
5, 271, 27697
What are the prime factors of 304988508?
2, 3, 11, 43, 17911
What are the prime factors of 3568114062?
2, 3, 23, 101, 85333
List the prime factors of 2473677188.
2, 59, 10481683
What are the prime factors of 362534810?
2, 5, 11, 3295771
What are the prime factors of 2971431325?
5, 179, 773, 859
List the prime factors of 219710844.
2, 3, 29, 229, 919
What are the prime factors of 213268597?
19, 569, 19727
List the prime factors of 2077595203.
4297, 483499
What are the prime factors of 907724424?
2, 3, 541, 69911
List the prime factors of 1328083663.
1328083663
List the prime factors of 22583181.
3, 7527727
What are the prime factors of 4247535235?
5, 23, 89, 613, 677
What are the prime factors of 142447919?
4157, 34267
List the prime factors of 14859448.
2, 71, 26161
List the prime factors of 33447585.
3, 5, 17, 29, 4523
List the prime factors of 1858933787.
881, 2110027
What are the prime factors of 75356331